f 442?
False
Is 28 a factor of 6077?
False
Is 919 a multiple of 50?
False
Is 13341 a multiple of 4?
False
Is 14 a factor of 952?
True
Does 19 divide 67906?
True
Does 9 divide 35073?
True
Is 36 a factor of 72?
True
Does 11 divide 1694?
True
Is 37 a factor of 4773?
True
Is 2205 a multiple of 63?
True
Is 18 a factor of 4464?
True
Is 117 a factor of 12402?
True
Is 10 a factor of 8121?
False
Is 22 a factor of 308?
True
Is 1225 a multiple of 12?
False
Does 19 divide 5016?
True
Is 1914 a multiple of 22?
True
Does 31 divide 7719?
True
Is 58 a factor of 1624?
True
Is 1632 a multiple of 48?
True
Is 4200 a multiple of 140?
True
Does 13 divide 10842?
True
Is 350 a multiple of 25?
True
Is 4326 a multiple of 21?
True
Is 20 a factor of 34440?
True
Is 952 a multiple of 3?
False
Does 65 divide 17854?
False
Is 19 a factor of 1995?
True
Is 11 a factor of 2403?
False
Is 306 a factor of 88740?
True
Is 12292 a multiple of 156?
False
Is 32146 a multiple of 7?
False
Is 648 a multiple of 8?
True
Does 288 divide 18870?
False
Does 10 divide 5843?
False
Is 22 a factor of 198?
True
Is 47053 a multiple of 34?
False
Is 260 a multiple of 4?
True
Does 3 divide 73?
False
Is 10 a factor of 530?
True
Is 109 a factor of 72921?
True
Is 8 a factor of 4944?
True
Is 1240 a multiple of 20?
True
Is 252 a factor of 9837?
False
Is 144 a factor of 19152?
True
Is 54 a factor of 2363?
False
Is 158 a factor of 24174?
True
Does 29 divide 1885?
True
Is 74 a factor of 2960?
True
Does 9 divide 421?
False
Is 165 a factor of 30030?
True
Is 183 a multiple of 20?
False
Does 44 divide 23015?
False
Is 25 a factor of 10947?
False
Is 3059 a multiple of 18?
False
Is 14 a factor of 129?
False
Is 19207 a multiple of 198?
False
Does 26 divide 636?
False
Is 13478 a multiple of 16?
False
Is 2585 a multiple of 94?
False
Is 37 even?
False
Does 27 divide 29133?
True
Does 234 divide 16880?
False
Is 160 a multiple of 20?
True
Is 16 a factor of 2384?
True
Is 2432 a multiple of 38?
True
Does 8 divide 72?
True
Does 22 divide 22550?
True
Is 16527 a multiple of 160?
False
Is 138986 a multiple of 39?
False
Does 164 divide 48708?
True
Is 333 a multiple of 9?
True
Is 374 a multiple of 9?
False
Is 8 a factor of 26530?
False
Does 4 divide 270?
False
Does 12 divide 900?
True
Is 6 a factor of 5937?
False
Is 9 a factor of 1404?
True
Does 3 divide 1440?
True
Does 37 divide 3774?
True
Is 6 a factor of 61254?
True
Is 14 a factor of 8369?
False
Does 60 divide 4200?
True
Is 17 a factor of 1103?
False
Is 320 a factor of 35840?
True
Is 6 a factor of 30?
True
Does 25 divide 2400?
True
Is 510 a multiple of 6?
True
Is 12760 a multiple of 22?
True
Does 72 divide 2625?
False
Is 1358 a multiple of 14?
True
Is 6 a multiple of 5?
False
Is 1232 a multiple of 118?
False
Is 11 a factor of 1617?
True
Is 6 a factor of 19620?
True
Does 46 divide 2695?
False
Is 8 a factor of 7952?
True
Is 5 a factor of 6?
False
Is 33 a factor of 363?
True
Does 16 divide 10230?
False
Is 3528 a multiple of 18?
True
Is 3 a factor of 152?
False
Is 54 a factor of 2376?
True
Is 55 a factor of 495?
True
Is 6 a factor of 1577?
False
Does 14 divide 13632?
False
Is 1562 a multiple of 15?
False
Is 3659 a multiple of 101?
False
Does 11 divide 2761?
True
Does 24 divide 644?
False
Is 23 a factor of 13349?
False
Is 12 a factor of 4313?
False
Is 19003 a multiple of 31?
True
Is 27 a factor of 4833?
True
Does 5 divide 275?
True
Is 4688 a multiple of 102?
False
Does 10 divide 240?
True
Is 1597 a multiple of 39?
False
Is 75 a factor of 2931?
False
Does 29 divide 4206?
False
Is 45 a factor of 1890?
True
Does 34 divide 497?
False
Is 235 a factor of 14730?
False
Is 34 a factor of 65960?
True
Is 6 a factor of 20?
False
Is 28534 a multiple of 11?
True
Is 12 a factor of 732?
True
Does 120 divide 12681?
False
Does 18 divide 1692?
True
Does 80 divide 44281?
False
Is 43 a factor of 9804?
True
Does 8 divide 14504?
True
Is 496 a multiple of 25?
False
Is 1424 a multiple of 8?
True
Is 31 a factor of 20821?
False
Is 315 a multiple of 15?
True
Is 41 a multiple of 21?
False
Does 9 divide 18707?
False
Does 93 divide 13206?
True
Is 4251 a multiple of 19?
False
Is 70725 a multiple of 60?
False
Is 248 a multiple of 4?
True
Is 44 a factor of 1382?
False
Does 8 divide 645?
False
Is 15 a multiple of 2?
False
Is 10 a factor of 520?
True
Is 9608 a multiple of 127?
False
Is 926 a multiple of 91?
False
Is 14 a factor of 2123?
False
Is 11 a factor of 1329?
False
Is 3892 a multiple of 139?
True
Is 54576 a multiple of 185?
False
Does 79 divide 34523?
True
Is 102 a factor of 8243?
False
Does 34 divide 54367?
False
Is 122 a factor of 29283?
False
Is 6 a factor of 594?
True
Is 16032 a multiple of 12?
True
Does 8 divide 2375?
False
Is 115 a factor of 1380?
True
Is 107 a factor of 2255?
False
Does 128 divide 3955?
False
Is 31 a factor of 6183?
False
Is 528 a multiple of 6?
True
Is 116 a factor of 46833?
False
Does 44 divide 1980?
True
Does 14 divide 826?
True
Is 7 a factor of 4508?
True
Does 66 divide 11455?
False
Does 14 divide 154?
True
Is 69212 a multiple of 9?
False
Is 14 a factor of 256?
False
Is 43 a factor of 2293?
False
Does 30 divide 270?
True
Is 765 a multiple of 134?
False
Is 35 a factor of 875?
True
Is 40356 a multiple of 236?
True
Is 21 a factor of 315?
True
Does 112 divide 7920?
False
Does 83 divide 30266?
False
Does 13 divide 1612?
True
Is 3727 a multiple of 47?
False
Is 18 a factor of 294?
False
Does 3 divide 2340?
True
Does 44 divide 424?
False
Is 9205 a multiple of 16?
False
Is 75 a factor of 1125?
True
Does 10 divide 5950?
True
Is 12 a factor of 740?
False
Is 25 a factor of 16348?
False
Is 976 a multiple of 8?
True
Is 24 a factor of 16272?
True
Is 27 a factor of 1994?
False
Is 28282 a multiple of 40?
False
Is 61 a multiple of 2?
False
Is 54 a factor of 1975?
False
Is 337 a factor of 1011?
True
Is 4 a factor of 349?
False
Is 11 a factor of 589?
False
Is 21 a factor of 8228?
False
Is 990 a multiple of 18?
True
Is 17 a factor of 576?
False
Does 6 divide 939?
False
Is 7 a factor of 98?
True
Is 556 a multiple of 13?
False
Is 517 a multiple of 47?
True
Is 41 a factor of 507?
False
Is 6 a factor of 118?
False
Is 194626 a multiple of 46?
True
Does 182 divide 38806?
False
Does 28 divide 7336?
True
Is 12 a factor of 213?
False
Is 40120 a multiple of 23?
False
Does 14 divide 1344?
True
Is 26 a factor of 5107?
False
Does 73 divide 18747?
False
Is 1522 a multiple of 3?
False
Is 15 a factor of 222?
False
Is 11 a factor of 19415?
True
Is 188 a factor of 20238?
False
Is 10 a factor of 60?
True
Does 103 divide 13683?
False
Is 189 a multiple of 21?
True
Is 25 a factor of 22115?
False
Is 20978 a multiple of 50?
False
Is 16 a factor of 5497?
False
Is 37 a factor of 737?
False
Is 56889 a multiple of 8?
False
Is 8 a factor of 38?
False
Is 5092 a multiple of 38?
True
Is 14 a factor of 16746?
False
Is 28 a factor of 1066?
False
Does 8 divide 1064?
True
Is 87022 a multiple of 13?
True
Is 5846 a multiple of 37?
True
Is 9 a factor of 62085?
False
Is 104 even?
True
Is 15 a factor of 220?
False
Does 124 divide 5952?
True
Does 8 divide 2008?
True
Is 15 a factor of 48210?
True
Is 13328 a multiple of 238?
True
Does 204 divide 5165?
False
Does 18 divide 990?
True
Does 19 divide 854?
False
Is 2 a factor of 717?
False
Is 2720 a multiple of 170?
True
Is 1071 a multiple of 9?
True
Does 13 divide 10127?
True
Does 25 divide 16502?
False
Is 5 a factor of 1540?
True
Is 52 a factor of 12948?
True
Is 544 a multiple of 24?
False
Does 20 divide 31420?
True
Is 1456 a multiple of 26?
True
Does 3 divide 16924?
False
Is 3005 a multiple of 17?
False
Is 198 a multiple of 29?
False
Is 87 a factor of 12714?
False
Does 14 divide 10906?
True
Is 4252 a multiple of 5?
False
Is 14 a factor of 4396?
True
Is 9 a factor of 423?
True
Does 7 divide 225?
False
Is 1214 a multiple of 3?
False
Is 1284 a multiple of 84?
False
Does 14 divide 31346?
True
Is 774 a multiple of 23?
False
Is 397 a multiple of 29?
False
Is 2831 a multiple of 22?
False
Is 19488 a multiple of 20?
False
Is 8 a factor of 725?
False
Is 84248 a multiple of 21?
False
Is 143 a factor of 4697?
False
Does 105 divide 18262?
False
Is 116 a multiple of 10?
False
Is 42 a factor of 697?
False
Does 17 divide 2255?
False
Is 48 a factor of 13728?
True
Is 98 a factor of 5731?
False
Is 5 a factor of 17387